4
In base 11, what is -4 - -2685aa0?
2685a97
In base 12, what is -6a6 + -72286?
-72970
In base 16, what is -20d7 - 43?
-211a
In base 9, what is 3 - 23434644?
-23434641
In base 6, what is -310040453 - 1?
-310040454
In base 14, what is -24 + -17058b2?
-17058d6
In base 5, what is 210013204231 + -1?
210013204230
In base 4, what is 0 - 10323221232?
-10323221232
In base 6, what is -345 - 2232105?
-2232454
In base 3, what is -1001120202202 + 100?
-1001120202102
In base 16, what is 0 - f81b2?
-f81b2
In base 4, what is -201103 + 1030223?
223120
In base 4, what is 0 + 20303123201?
20303123201
In base 2, what is -1011111011110011101001110 + -10110?
-1011111011110011101100100
In base 4, what is 113 + -103133200?
-103133021
In base 4, what is -111133013330201 - -11?
-111133013330130
In base 4, what is -20120 + 1021110131?
1021030011
In base 5, what is 3 - 12444043200?
-12444043142
In base 16, what is -9148 + -25?
-916d
In base 12, what is 36717 + 664?
3717b
In base 5, what is -3433233042 + -42?
-3433233134
In base 8, what is 16413710 - 1?
16413707
In base 2, what is 110011101101000100 + -101101110101?
110010111111001111
In base 8, what is 42117706 + 4?
42117712
In base 10, what is 338 + -23903?
-23565
In base 2, what is 100 - -1010111001000110000010?
1010111001000110000110
In base 10, what is 1690975 - 10?
1690965
In base 15, what is -333ec + d9?
-33313
In base 15, what is 95346 - -e1?
95437
In base 4, what is 10 + -21023010311?
-21023010301
In base 16, what is -7 - -cf59d?
cf596
In base 5, what is -13011041402 + 4?
-13011041343
In base 6, what is -25 - 143103355?
-143103424
In base 6, what is 44022 + 13114?
101140
In base 4, what is -200021003213 + -1?
-200021003220
In base 4, what is -11 + -1232230320231?
-1232230320302
In base 9, what is -5 + 13184825?
13184820
In base 10, what is 1 + 113913996?
113913997
In base 7, what is -1453602 - -22?
-1453550
In base 13, what is -1 - -266543?
266542
In base 9, what is 3463 - 5400?
-1826
In base 6, what is 2301254 + -1451?
2255403
In base 6, what is 301023 - 144340?
112243
In base 13, what is 9a + -207ba?
-20720
In base 12, what is -166 - 33a84?
-3402a
In base 8, what is 1246531032 - 7?
1246531023
In base 14, what is dc31a - 47?
dc2b3
In base 15, what is -1 + -b30e377?
-b30e378
In base 3, what is 21101121001020022 - 12?
21101121001020010
In base 7, what is -14 - 1010361?
-1010405
In base 10, what is 36 - -59720?
59756
In base 9, what is -2 + -6101467?
-6101470
In base 8, what is -513351 - 1520?
-515071
In base 10, what is 56841 - 316?
56525
In base 11, what is 9094 - -372?
9456
In base 3, what is 11000200211010 - -122?
11000200211202
In base 12, what is 366812689 - -4?
366812691
In base 10, what is 41311 - -368?
41679
In base 15, what is 15093bc + -1?
15093bb
In base 4, what is -12130 + 1330231?
1312101
In base 15, what is -5a8d + 85?
-5a08
In base 7, what is 32 - -123656461?
123656523
In base 13, what is 53c6 - 6a8?
4a1b
In base 4, what is 1200020101 - -203?
1200020310
In base 2, what is 111010100000 - -1100011010?
1000110111010
In base 5, what is 121040 - -321232?
442322
In base 5, what is 213402222 + 1?
213402223
In base 2, what is 11001011100 - 1001110000101?
-110100101001
In base 11, what is -13893 + -329a?
-17082
In base 11, what is -42 - 41273?
-41305
In base 3, what is 11202011 + 1111221202?
1200200220
In base 8, what is -10261116 + -1?
-10261117
In base 15, what is -aa710d - -4?
-aa7109
In base 13, what is 662c9438 - -2?
662c943a
In base 8, what is 113 + -34750061?
-34747746
In base 15, what is -1 + 219c164?
219c163
In base 10, what is 622 - 31670?
-31048
In base 3, what is -120120211 - 12201?
-120210112
In base 16, what is 11f894d9 + -3?
11f894d6
In base 3, what is 121 + 1011210202020?
1011210202211
In base 13, what is 5c29 - -2533?
845c
In base 10, what is 130642 - 1230?
129412
In base 13, what is -c26b6 + 15?
-c26a1
In base 8, what is 14243131 - 11?
14243120
In base 7, what is -35 + -116312053?
-116312121
In base 16, what is 22 - c8a9?
-c887
In base 3, what is 2020211002102 + -101?
2020211002001
In base 9, what is 5376 + -36171?
-30684
In base 12, what is -3 + -1b82578?
-1b8257b
In base 4, what is -203 - -31233120?
31232311
In base 10, what is 11348 - 30990?
-19642
In base 6, what is -23124 + -23251?
-50415
In base 7, what is 31362 + -10212?
21150
In base 13, what is -10b5b96 + 3?
-10b5b93
In base 8, what is -3 - -130354570?
130354565
In base 12, what is 60 + 247178?
247218
In base 14, what is 182235 - -d?
182244
In base 5, what is 140314223 + -4?
140314214
In base 14, what is 281d4224 + -3?
281d4221
In base 7, what is -116 - -10655322?
10655203
In base 2, what is 10110110001100011 - -110010001101?
10111100011110000
In base 7, what is -166140652 + 4?
-166140645
In base 16, what is -ee7 + 5ef6?
500f
In base 10, what is 80 - 1195773?
-1195693
In base 4, what is -20331 - 1002111?
-1023102
In base 2, what is -101101011000011000000 - 10111?
-101101011000011010111
In base 9, what is -450417 - -75?
-450332
In base 3, what is 12 + -1002000010202012?
-1002000010202000
In base 14, what is 213d + 4cac?
700b
In base 11, what is -226 + 7010?
6895
In base 15, what is -ecbe + 3d3?
-e8db
In base 9, what is -28 + 112274?
112245
In base 2, what is -100100101111111011100100110 + 0?
-100100101111111011100100110
In base 3, what is 2110212000021200 - 2?
2110212000021121
In base 6, what is -11525321300 - 4?
-11525321304
In base 5, what is -4 + 30202332132?
30202332123
In base 12, what is 2a8 - 66a1?
-63b5
In base 8, what is -122531457 + 2?
-122531455
In base 6, what is 245 - 5504055?
-5503410
In base 3, what is -2200100110 + -2102?
-2200102212
In base 13, what is 24a6 - 75a32?
-73559
In base 9, what is -161 - -17485?
17324
In base 4, what is 11032003020 + -11330?
11031331030
In base 14, what is -1538 - -39b4a?
38612
In base 8, what is 127561125 - 5?
127561120
In base 5, what is -42224112 - -30?
-42224032
In base 16, what is -f + 644f8?
644e9
In base 15, what is -1599856 + 3?
-1599853
In base 16, what is -63c - 4e8d?
-54c9
In base 3, what is -2012 + 110012122200?
110012120111
In base 14, what is -27c586c6 - -2?
-27c586c4
In base 5, what is -23134140 - -203?
-23133432
In base 5, what is -324430 + -1001101?
-1331031
In base 10, what is 156 - -18908?
19064
In base 10, what is -36500 + -30183?
-66683
In base 14, what is 20b8 + -114b2?
-d3d8
In base 16, what is 2250 - -f0a6?
112f6
In base 5, what is 401 - 2042023403?
-2042023002
In base 11, what is -1546 - 312?
-1858
In base 6, what is 4250 + -1522101?
-1513411
In base 6, what is 5 - 201011214?
-201011205
In base 5, what is -4324 + -1312321?
-1322200
In base 16, what is 6018516 + -3?
6018513
In base 2, what is -1100001110100011110100 + 1000?
-1100001110100011101100
In base 7, what is -466600051 + 0?
-466600051
In base 12, what is 4 - -15aba76?
15aba7a
In base 11, what is -817621 - -12?
-81760a
In base 3, what is 1100 - -20021012100?
20021020200
In base 16, what is 19433 - 8?
1942b
In base 13, what is 5 - -313a014?
313a019
In base 7, what is -1504 + -26503?
-31310
In base 12, what is -15863060 - -4?
-15863058
In base 3, what is -1010200102 - 21212011?
-1102112120
In base 4, what is -1102322 + -123330?
-1232312
In base 15, what is -6469 - 6d?
-64d7
In base 8, what is -1311 - -20457?
17146
In base 6, what is -4 - -125251211?
125251203
In base 15, what is 5 + -3e74b4c?
-3e74b47
In base 4, what is -21 - -22112011331?
22112011310
In base 2, what is 11100110101011011100110 + 10?
11100110101011011101000
In base 4, what is 1 - 3112223023?
-3112223022
In base 10, what is -29359 + -1502?
-30861
In base 3, what is -222000220002212010 - 2?
-222000220002212012
In base 4, what is -23321221 - -2311?
-23312310
In base 5, what is 31 - -2203411213?
2203411244
In base 5, what is -24224401 + 1031?
-24223320
In base 6, what is -140134444033 + -5?
-140134444042
In base 6, what is -51454 - -504153?
412255
In base 9, what is 5365345 - -1?
5365346
In base 2, what is 111010011 + 111010111010101011?
111011000001111110
In base 14, what is -26650 - 71?
-266c1
In base 5, what is -310220343 - 4?
-310220402
In base 12, what is -2a093 + -46?
-2a119
In base 13, what is 1a6aa923a - -3?
1a6aa9240
In base 16, what is -22150 + -64?
-221b4
In base 13, what is -5 - 2a46bb66?
-2a46bb6b
In base 4, what is 1002130303022